uppose -4*b + 833 = 5*j - 819, -4*b = 8. What is the remainder when 1181 is divided by j?
185
Suppose 4782 + 6524 = 333*p - 8674. Calculate the remainder when 96 is divided by p.
36
Let k = 757 + -755. What is the remainder when 95 is divided by k/12 - (-1330)/84?
15
Suppose h + 2*v = 81, 5*h - 4 = -5*v + 351. Let d = -36 + 50. What is the remainder when h is divided by d?
5
Suppose 2*n + 4*a + 3 = 1, -2*n + 16 = -5*a. Let l be 0/((-3 + 6)/n). Suppose l = -x + 11 - 0. What is the remainder when 54 is divided by x?
10
Let x(b) = 5*b + 8. Suppose -6*f + 1013 + 103 = 0. What is the remainder when f is divided by x(11)?
60
Let i(w) = -7*w**2 + 3*w - 14. Let y be i(-4). Let t = -123 - y. What is the remainder when 16 is divided by t?
1
Let d = 120 - 106. Let k = 8 + -18. Calculate the remainder when 1041/15 + 4/k is divided by d.
13
Suppose -5*o - k + 1685 = 210, 0 = -3*o - 2*k + 885. What is the remainder when o is divided by 79?
58
Let c(v) = 4*v**3 + 10 + 17*v**2 - 9*v - 5*v**3 - 5*v**2 - v**3. Let u = 2 - -7. What is the remainder when c(5) is divided by u?
6
Let k = 183 - 121. Suppose 12*l - 7*l = 15. Suppose t - 5*i = l*t - 44, -2*i = t - 22. Calculate the remainder when k is divided by t.
18
Suppose -3*x - 8 = -4*x. Suppose -5*q + 340 = 5*j, 2*j - 129 = 91*q - 86*q. Calculate the remainder when j is divided by x.
3
Suppose -5*v + 20 = 0, 4*v = 15*l - 10*l - 254. Let y(j) = j + 18. What is the remainder when l is divided by y(-7)?
10
Suppose -1308 = -3*a - 1221. What is the remainder when 171 is divided by a?
26
Let y = 251 + -243. Let h = y - -211. Calculate the remainder when h is divided by 56.
51
Suppose -2*h + 14 = 4*d - 2*d, 2*h - 32 = -5*d. Suppose b - 2*u - d - 6 = 0, 0 = b + 3*u - 27. Calculate the remainder when 34 is divided by b.
16
Let h be -4 - (10/(-7))/(3/21). Suppose h*q - 658 = -16. What is the remainder when q is divided by 16?
11
Let c(n) = -38*n**2 + 4*n + 6. Let x be (-6*10/75)/((-2)/(-5)). Let g be c(x). Let z = g + 251. What is the remainder when z is divided by 33?
31
Let m(x) = x**2 + 4*x. Let q be m(-4). Suppose 2*p + q = 86. What is the remainder when 213 is divided by p?
41
Let k(x) = -16*x**2 - 3*x - 26. Let t(s) = -14*s**2 - 4*s - 25. Let n(z) = 4*k(z) - 5*t(z). What is the remainder when n(-5) is divided by 11?
10
Suppose 6*b = 3*k - 225, -k + 32 = -4*b - 57. What is the remainder when 724 is divided by k?
53
Let h be 14 - (8/2 - 0). Suppose 4*u = h + 30. Suppose b - 15 = u. What is the remainder when 47 is divided by b?
22
Suppose -5*c + 17 = -3. Calculate the remainder when 49 is divided by -1 - (-30)/(-2 + c).
7
Suppose 4*j + 8 = 5*q + 39, -q - 7 = -j. Suppose 4*u + j*a = 160, -6*u + 9*u - a - 100 = 0. Let m = 28 + 110. Calculate the remainder when m is divided by u.
33
What is the remainder when 363 is divided by 477/(((-330)/(-20))/11)?
45
Let b(s) = s**3 + 4*s**2 + 32*s + 17. Let r(l) = -3*l**3 - 7*l**2 - 65*l - 36. Let i(m) = -5*b(m) - 2*r(m). What is the remainder when 518 is divided by i(10)?
83
Let x = -128 + 135. Suppose 6 = y - 3*m, -x*m = -3*m + 8. Suppose 0 = -y*h - 4*h - 4, -4*h = 2*f - 216. What is the remainder when f is divided by 19?
15
Suppose -68*i = -5*i - 126. Suppose -13*b + 10*b = y + 12, i*y - 4*b - 26 = 0. What is the remainder when y is divided by 2?
1
Suppose 5*b - 15 = 0, 7*j - 8*j = 2*b - 112. Suppose 0*t - 72 = -2*t. Calculate the remainder when j is divided by t.
34
Let z = -6 + 28. Suppose -22 = -2*m - 6. What is the remainder when (-725)/(-55) - 4/z is divided by m?
5
Let t = 39 - 60. Let y be (-4)/6 - 10934/t. Suppose 0*g - o + y = 5*g, 4*g = 4*o + 392. Calculate the remainder when g is divided by 21.
19
What is the remainder when 2/13 - 319464/(-1508) is divided by 45?
32
Suppose -20*q + 90*q - 425250 = -173*q. What is the remainder when q is divided by 12?
10
Suppose 0*w + 868 = 31*w. Suppose 4*j - 13 = 15. Let s = 116 - j. Calculate the remainder when s is divided by w.
25
Let r be 12/16*(8/3 - 0). Suppose -3*l - 6 = -r*l. Let q(f) = 3*f**2 + 5*f + 13. Calculate the remainder when q(l) is divided by 31.
29
Suppose -s + 6*a + 182 = -0*a, 4*a = 24. What is the remainder when s is divided by 13?
10
Let a(v) = -v**2 + 10*v - 15. Let q be a(6). Let g = q - 15. Let l(k) = -4*k - 9. What is the remainder when 59 is divided by l(g)?
14
Suppose -7979 = -40*n - 7299. Calculate the remainder when 5653 is divided by n.
9
Suppose 879 = 29*s - 3212 - 1593. Calculate the remainder when 732 is divided by s.
144
Let w = -47 - -56. Suppose h + 2 = -2*l + 11, -4*l + h = -w. Calculate the remainder when (l/2)/((-39)/(-1222)) is divided by 24.
23
Suppose -4*h + 2*h - 20 = -5*l, l - 4 = 5*h. Suppose -q + 3*q - 106 = h. Let u(b) = 29*b**2 - 14*b - 15. What is the remainder when q is divided by u(-1)?
25
Suppose -4*n = 4*a + 60 - 168, 0 = 5*a - 25. Calculate the remainder when 588 is divided by n.
16
Suppose 2*r - 5366 = 4*k, 2*r + k + 2801 - 8132 = 0. What is the remainder when r is divided by 89?
88
Suppose 261 = 37*b + 39. What is the remainder when (-3472)/(-96) - 1/b is divided by ((-1)/(-2))/(-1)*-26?
10
Let t(b) = 76*b + 107. What is the remainder when t(1) is divided by 146?
37
Suppose 8*k = -1239 + 5583. Calculate the remainder when k is divided by 186.
171
Let m be 0 + 5 + (3 - 4). Suppose -6*q + m*q + 32 = 0. Let y(v) = -v**2 + 36*v - 245. Calculate the remainder when y(11) is divided by q.
14
Let b be (-3 + 8)/(5/(-20)). Let j = b + 20. Suppose 5*s - 5*d + 17 - 92 = 0, 3*s - 4*d - 47 = j. What is the remainder when 35 is divided by s?
9
Let b(x) = -4*x**3 + 35*x**2 + 31*x - 138. Calculate the remainder when 1557 is divided by b(9).
57
Let z = 22405 - 22253. Calculate the remainder when 400 is divided by z.
96
Suppose 15*l - 10*l = 1870. Calculate the remainder when (0 + (6 - 2))/(17/l) is divided by 303/21 - 4/(-7).
13
Suppose 5*d + 3*j = -87 + 283, 0 = 4*d + 5*j - 162. Suppose 10*r - 262 = d. Calculate the remainder when 238 is divided by r.
28
Let a(f) = f - 4. Let o be a(-1). Let t(z) = -2*z**3 - 2*z**2 + 9*z + 7. Calculate the remainder when t(o) is divided by 15.
12
Let r = -82 + 122. Suppose 5*n + y - 20 = 0, -r = -4*n + 2*y + 2*y. What is the remainder when 12 + ((-1)/(-7) - n/35) is divided by 7?
5
Let r = -15 - -20. What is the remainder when 18 is divided by r/(-10) + 17/2?
2
Suppose 0 = -111687*z + 111681*z + 7002. Calculate the remainder when z is divided by 146.
145
Let u(k) = -3*k**2 + 7*k + 3. Let b be u(3). What is the remainder when (-711)/18*6/b is divided by 21?
16
Let y be (-8)/(58/(-62) + 1). What is the remainder when (y/(-16) - -2)*4 is divided by 20/1*8*(-6)/(-96)?
9
Suppose 15*v - 1909 = -4*v + 694. Calculate the remainder when 578 is divided by v.
30
Let s = 3649 - 3230. Calculate the remainder when s is divided by 84.
83
Let r(t) = t**2 - 41*t - 2. Let q be r(41). Let w = 49 - q. What is the remainder when w is divided by 16?
3
Suppose 3*a - 50 = -59. Let n(u) = -6*u**2 - 20*u + 6. What is the remainder when 70 is divided by n(a)?
10
Suppose 6*f = 3*f + 120. Suppose -4*d + 28 = j, -35 = -j - j - d. Suppose -15*h = -j*h + 14. What is the remainder when f is divided by h?
12
Let k(n) = -5*n**2 - 32*n - 21. Let h(c) = 9*c**2 + 61*c + 41. Let d(r) = 4*h(r) + 7*k(r). What is the remainder when d(-20) is divided by 12?
5
Let n = 435 - 385. Suppose m = -2*b + 112, 0*b = -b - 2*m + n. Calculate the remainder when 286 is divided by b.
54
Suppose i + 92 = -4*q, -7*i + 8*i + q = -92. Let v = -89 - i. Calculate the remainder when 85 is divided by v*(-6)/9*-22.
41
Let h = -9 - -111. What is the remainder when 107 is divided by ((66/(-4))/3)/((-51)/h)?
8
Let k = 577 + -572. Suppose 7*b + k*b = 204. Calculate the remainder when 713 is divided by b.
16
Let c be 5 - (2/8 - (-13025)/(-20)). Suppose -3*o + c = 13*o. What is the remainder when 161 is divided by o?
38
Suppose s + 15*s = -112. Let i(z) = -7*z - 49. Let x be i(s). Suppose -a + 106 = -x*a. What is the remainder when a is divided by 16?
10
Suppose 0*c - 10*c + 480 = 0. What is the remainder when 175 is divided by c?
31
Let y = 7442 + -6922. Calculate the remainder when y is divided by 3.
1
Suppose 4*s + s - 205 = 0. Suppose -10*g - 1275 = -15*g. Calculate the remainder when ((-4)/6*(12 - g))/2 is divided by s.
